2423
What is -12 (base 4) in base 12?
-6
What is 1000000001 (base 2) in base 6?
2213
11231 (base 4) to base 16
16d
What is 344330 (base 5) in base 12?
7269
What is -11286 (base 9) in base 10?
-7530
What is 26701 (base 10) in base 8?
64115
What is -104 (base 10) in base 14?
-76
79d (base 16) to base 9
2605
Convert -152 (base 9) to base 16.
-80
What is 44f3 (base 16) in base 12?
a26b
-233132 (base 4) to base 10
-3038
-104 (base 12) to base 3
-12111
33535 (base 7) to base 2
10000100110111
Convert 10010111110 (base 2) to base 15.
55e
Convert 102434 (base 5) to base 14.
13b8
Convert 1144 (base 7) to base 14.
224
What is -201230 (base 4) in base 9?
-2855
Convert 11898 (base 11) to base 6.
210531
What is 585 (base 10) in base 12?
409
Convert -14 (base 5) to base 11.
-9
What is -367 (base 11) in base 12?
-304
-185 (base 9) to base 6
-422
Convert -228 (base 15) to base 2.
-111101000
What is 21211 (base 4) in base 14?
31b
-7 (base 15) to base 2
-111
What is -531 (base 6) in base 16?
-c7
-11425 (base 8) to base 7
-20146
Convert 2030 (base 10) to base 7.
5630
-7637 (base 8) to base 14
-1659
Convert 10113 (base 4) to base 5.
2104
Convert -a0b (base 14) to base 13.
-b88
Convert -e353 (base 15) to base 16.
-bb83
Convert 33a0 (base 16) to base 10.
13216
11001010101001 (base 2) to base 15
3c99
Convert 37e (base 16) to base 13.
53a
4215 (base 7) to base 5
21412
-395 (base 10) to base 5
-3040
What is -142100 (base 6) in base 2?
-11010001110100
Convert 110021 (base 3) to base 8.
513
-4334 (base 5) to base 2
-1001010010
-11001100 (base 2) to base 16
-cc
What is 1110111100110101 (base 2) in base 12?
2b531
-180a (base 11) to base 5
-33214
Convert -2afe (base 16) to base 8.
-25376
137 (base 9) to base 16
73
Convert -14201 (base 7) to base 14.
-15a8
Convert 101101001001 (base 2) to base 8.
5511
Convert 786 (base 9) to base 5.
10040
What is -b1 (base 15) in base 3?
-20011
Convert 132214 (base 5) to base 13.
2555
Convert 4500 (base 16) to base 11.
122a9
What is -c07 (base 14) in base 12?
-1447
Convert -95c (base 15) to base 11.
-1650
-2601 (base 10) to base 16
-a29
What is -cd (base 14) in base 6?
-501
-100c (base 14) to base 8
-5304
What is -4400 (base 5) in base 2?
-1001011000
What is 43245 (base 8) in base 4?
10122211
Convert -87e (base 15) to base 6.
-12515
Convert -238 (base 13) to base 11.
-320
What is -1101 (base 5) in base 4?
-2113
What is 16c (base 13) in base 4?
10003
What is 63 (base 11) in base 16?
45
-1413110 (base 5) to base 14
-a8a7
Convert -14022 (base 8) to base 14.
-2362
Convert -118a (base 13) to base 11.
-1955
Convert 20266 (base 10) to base 4.
10330222
What is 1001212122 (base 3) in base 12?
10222
Convert -30 (base 16) to base 5.
-143
Convert 210001 (base 3) to base 13.
349
What is -1026 (base 14) in base 13?
-1359
Convert -2210011120 (base 3) to base 12.
-27866
What is -17d (base 15) in base 13?
-205
-98d3 (base 16) to base 12
-1a783
Convert 191 (base 16) to base 3.
112212
Convert 11 (base 13) to base 8.
16
Convert 2a75 (base 11) to base 7.
14346
Convert -33032222 (base 4) to base 2.
-1111001110101010
What is -259 (base 10) in base 16?
-103
235305 (base 7) to base 10
42684
-3662 (base 13) to base 10
-7685
Convert -10000010100101 (base 2) to base 9.
-12415
Convert -1342 (base 7) to base 12.
-374
Convert -113f (base 16) to base 7.
-15605
1010 (base 14) to base 10
2758
Convert -333 (base 8) to base 16.
-db
Convert 31338 (base 10) to base 6.
401030
Convert 5324 (base 11) to base 16.
1b84
-29a45 (base 11) to base 8
-123030
What is -451 (base 11) in base 16?
-21c
-100000111 (base 2) to base 4
-10013
-147301 (base 8) to base 16
-cec1
Convert 1618 (base 11) to base 12.
1250
Convert 493 (base 10) to base 15.
22d
What is 1374 (base 12) in base 7?
6361
2310 (base 7) to base 16
348
Convert 15120 (base 7) to base 14.
1747
What is -8dc5 (base 15) in base 4?
-13112132
-1010010001 (base 2) to base 8
-1221
-51b (base 14) to base 4
-33231
-21453 (base 7) to base 9
-7336
302343 (base 5) to base 6
113003
Convert -10063 (base 10) to base 14.
-394b
Convert -ac (base 16) to base 2.
-10101100
Convert 1101010110 (base 2) to base 15.
3be
What is 11212300 (base 4) in base 5?
1213320
-6315 (base 15) to base 9
-31652
a947 (base 11) to base 3
201211012
Convert 391 (base 14) to base 3.
222111
1010110000 (base 2) to base 15
30d
3292 (base 10) to base 13
1663
Convert -76353 (base 8) to base 5.
-2010404
-100100000011111 (base 2) to base 11
-12965
What is -c5d (base 16) in base 2?
-110001011101
What is -680 (base 11) in base 15?
-394
What is -26c (base 14) in base 15?
-228
-211 (base 15) to base 4
-13102
Convert -18119 (base 13) to base 8.
-132370
-11010000111 (base 2) to base 12
-b73
-1010120 (base 3) to base 8
-1471
788 (base 16) to base 6
12532
What is -4222 (base 9) in base 6?
-22202
Convert 783 (base 10) to base 9.
1060
-1524 (base 16) to base 4
-1110210
Convert 1266 (base 9) to base 5.
12301
What is 1a55 (base 12) in base 8?
6241
Convert 1054 (base 12) to base 16.
700
9425 (base 11) to base 3
122010121
291c (base 16) to base 9
15383
Convert c198 (base 14) to base 5.
2031013
What is -7701 (base 8) in base 3?
-12112101
Convert -2687 (base 11) to base 4.
-312123
55665 (base 7) to base 5
422221
Convert 4618 (base 11) to base 8.
13665
-24536 (base 7) to base 12
-3892
40cd (base 15) to base 3
200210011
-10153 (base 7) to base 14
-c9a
Convert -13453 (base 10) to base 8.
-32215
Convert -285 (base 14) to base 6.
-2205
Convert -1000 (base 3) to base 6.
-43
Convert -61771 (base 8) to base 12.
-12989
-7677 (base 11) to base 3
-111220002
11132 (base 4) to base 5
2400
Convert -604 (base 13) to base 9.
-1351
What is 52123 (base 6) in base 10?
6963
Convert 10002 (base 6) to base 14.
68a
-11110000 (base 2) to base 4
-3300
What is 331445 (base 7) in base 10?
58196
Convert 10211001001 (base 3) to base 5.
4400430
Convert -300 (base 4) to base 16.
-30
Convert -110010101 (base 3) to base 15.
-2944
Convert -135 (base 8) to base 15.
-63
-1cab (base 15) to base 9
-8488
39e (base 15) to base 10
824
-114042 (base 5) to base 15
-13ec
-2002 (base 3) to base 4
-320
Convert -6056 (base 10) to base 5.
-143211
Convert -43 (base 12) to base 7.
-102
What is 4140 (base 8) in base 12?
12a8
Convert -9a0 (base 12) to base 6.
-10320
201220 (base 3) to base 2
1000011001
Convert 136066 (base 7) to base 8.
63004
What is 52103 (base 6) in base 4?
1230213
Convert -152300 (base 6) to base 11.
-10131
What is 14c (base 14) in base 16?
108
Convert -19a4 (base 16) to base 13.
-2cac
Convert 10101120 (base 3) to base 15.
aec
What is 111023 (base 4) in base 12?
94b
-413 (base 5) to base 11
-99
Convert -1068 (base 12) to base 4.
-130100
665 (base 10) to base 7
1640
What is -1223 (base 11) in base 16?
-63e
What is -4a3a (base 12) in base 10?
-8398
1100111010011010 (base 2) to base 14
153bc
What is -3711 (base 12) in base 5?
-144310
What is 130033 (base 4) in base 7?
5161
d9d (base 15) to base 7
11650
What is 101020 (base 3) in base 8?
424
Convert -73 (base 8) to base 16.
-3b
-1368 (base 9) to base 10
-1034
What is -8a5 (base 12) in base 14?
-673
48793 (base 11) to base 4
101020101
Convert -14523 (base 6) to base 14.
-c03
Convert 201012201 (base 3) to base 2.
11011010110101
1020000 (base 3) to base 5
12031
Convert 10065 (base 7) to base 13.
1164
What is -58258 (base 10) in base 12?
-2986a
Convert -2675 (base 8) to base 4.
-112331
What is 12789 (base 11) in base 13?
83c8
Convert -4100 (base 8) to base 15.
-95c
Convert 1222111111 (base 3) to base 4.
21201121
-ab1 (base 13) to base 3
-2111221
Convert 279 (base 10) to base 5.
2104
What is 1301 (base 12) in base 10?
2161
-2a63 (base 12) to base 8
-11553
Convert -34a1 (base 11) to base 6.
-33124
Convert -4652 (base 10) to base 14.
-19a4
Convert -35233 (base 8) to base 11.
-102aa
492 (base 11) to base 8
1111
What is -3bb (base 16) in base 14?
-4c3
Convert 31023 (base 4) to base 6.
3523
1d704 (base 14) to base 2
10010011011001000
Convert -20a2 (base 13) to base 8.
-10656
25a (base 16) to base 10
602
Convert -124463 (base 7) to base 9.
-34762
1001110111110 (base 2) to base 9
6835
What is -17b7d (base 14) in base 10?
-59891
31 (base 4) to base 9
14
-2111032 (base 4) to base 9
-14081
-2020 (base 12) to base 4
-312120
Convert 110121222 (base 3) to base 15.
2adb
Convert -1113511 (base 6) t